the greatest common factor of 2145 and 585.
195
What is the greatest common divisor of 252 and 3339?
63
What is the greatest common factor of 9772 and 84?
28
Calculate the greatest common factor of 98 and 40278.
98
What is the highest common divisor of 22 and 176?
22
What is the greatest common divisor of 1168 and 5402?
146
What is the highest common divisor of 29 and 55?
1
What is the highest common factor of 15 and 405?
15
What is the greatest common factor of 40375 and 323?
323
What is the highest common factor of 120 and 200?
40
Calculate the greatest common divisor of 36 and 24.
12
What is the greatest common divisor of 10845 and 5?
5
Calculate the greatest common factor of 440 and 180.
20
Calculate the highest common divisor of 95 and 19.
19
Calculate the greatest common factor of 2056 and 8.
8
What is the highest common factor of 36 and 6534?
18
Calculate the greatest common factor of 7957 and 73.
73
Calculate the greatest common factor of 752 and 16.
16
Calculate the greatest common factor of 1528 and 4011.
191
Calculate the highest common factor of 30 and 42.
6
Calculate the highest common divisor of 4648 and 56.
56
What is the greatest common divisor of 621 and 23?
23
What is the highest common divisor of 858 and 273?
39
Calculate the greatest common divisor of 150 and 510.
30
Calculate the highest common divisor of 8 and 3992.
8
What is the greatest common factor of 880 and 4796?
44
What is the highest common divisor of 721 and 6283?
103
What is the greatest common divisor of 48 and 1128?
24
What is the highest common factor of 3 and 2?
1
Calculate the highest common divisor of 44 and 33.
11
Calculate the greatest common factor of 711 and 27.
9
What is the highest common divisor of 741 and 57?
57
Calculate the highest common divisor of 24 and 696.
24
What is the highest common divisor of 36 and 4014?
18
What is the greatest common divisor of 10 and 18?
2
Calculate the highest common factor of 465 and 6.
3
What is the greatest common divisor of 106 and 6890?
106
What is the highest common divisor of 6 and 32?
2
What is the greatest common divisor of 2476 and 4?
4
Calculate the greatest common factor of 2009 and 392.
49
What is the greatest common divisor of 2 and 362?
2
Calculate the highest common divisor of 24 and 2056.
8
Calculate the greatest common divisor of 240 and 200.
40
Calculate the greatest common divisor of 48 and 234.
6
Calculate the greatest common factor of 3263 and 13.
13
What is the highest common factor of 1199 and 218?
109
What is the greatest common divisor of 20 and 50?
10
Calculate the greatest common factor of 784 and 80.
16
What is the greatest common factor of 28 and 13118?
14
Calculate the greatest common divisor of 99 and 9.
9
What is the greatest common factor of 590 and 10?
10
What is the greatest common factor of 82 and 5125?
41
Calculate the greatest common divisor of 20919 and 19.
19
Calculate the greatest common factor of 16 and 1016.
8
What is the highest common factor of 616 and 420?
28
Calculate the greatest common factor of 14 and 1022.
14
What is the greatest common divisor of 4248 and 96?
24
What is the greatest common divisor of 13140 and 5?
5
Calculate the highest common divisor of 16 and 2864.
16
What is the greatest common divisor of 260 and 52?
52
What is the greatest common factor of 65 and 1040?
65
Calculate the highest common factor of 12 and 84.
12
What is the highest common divisor of 108 and 189?
27
What is the highest common factor of 47 and 1?
1
Calculate the highest common factor of 535 and 2033.
107
What is the highest common divisor of 959 and 119?
7
What is the greatest common factor of 1351 and 579?
193
What is the greatest common factor of 834 and 54?
6
Calculate the greatest common divisor of 512 and 2.
2
Calculate the greatest common factor of 24 and 80.
8
What is the highest common factor of 391 and 17?
17
Calculate the greatest common factor of 2152 and 3497.
269
Calculate the highest common divisor of 86 and 22.
2
Calculate the greatest common divisor of 400 and 144.
16
What is the greatest common factor of 192 and 1984?
64
Calculate the highest common divisor of 589 and 57.
19
What is the highest common factor of 595 and 735?
35
Calculate the greatest common divisor of 8000 and 40.
40
What is the highest common divisor of 48 and 15?
3
What is the highest common divisor of 1566 and 696?
174
Calculate the greatest common divisor of 77 and 161.
7
Calculate the greatest common divisor of 247 and 5510.
19
Calculate the highest common factor of 699 and 3029.
233
What is the greatest common factor of 133 and 209?
19
Calculate the highest common divisor of 323 and 19.
19
Calculate the highest common divisor of 45 and 1215.
45
What is the highest common divisor of 79 and 316?
79
Calculate the greatest common factor of 1360 and 884.
68
Calculate the highest common factor of 2694 and 192.
6
What is the greatest common factor of 2 and 27?
1
What is the highest common divisor of 55 and 297?
11
What is the highest common divisor of 82 and 779?
41
Calculate the greatest common divisor of 26922 and 84.
42
What is the highest common factor of 1900 and 76?
76
What is the greatest common factor of 128 and 8?
8
What is the greatest common factor of 9 and 99?
9
What is the highest common factor of 360 and 15?
15
Calculate the highest common factor of 23187 and 118.
59
What is the greatest common factor of 35306 and 254?
254
What is the highest common divisor of 19 and 227?
1
What is the highest common factor of 288 and 351?
9
What is the highest common divisor of 106 and 159?
53
What is the highest common divisor of 5 and 25690?
5
Calculate the highest common divisor of 18358 and 1096.
274
Calculate the greatest common divisor of 680 and 1105.
85
Calculate the highest common factor of 952 and 56.
56
Calculate the highest common divisor of 77 and 22561.
77
What is the greatest common divisor of 40 and 8?
8
What is the greatest common divisor of 215 and 43?
43
What is the highest common factor of 660 and 1760?
220
What is the highest common factor of 22 and 594?
22
What is the highest common divisor of 28 and 434?
14
What is the greatest common divisor of 1135 and 10?
5
What is the highest common factor of 18 and 52506?
18
Calculate the highest common factor of 11513 and 116.
29
Calculate the highest common factor of 476 and 1292.
68
What is the greatest common factor of 93 and 34131?
93
Calculate the greatest common factor of 91 and 39.
13
Calculate the highest common factor of 10 and 1845.
5
What is the greatest common factor of 2331 and 518?
259
What is the highest common divisor of 410 and 200?
10
What is the highest common divisor of 113 and 21809?
113
Calculate the greatest common divisor of 3649 and 178.
89
What is the greatest common factor of 90 and 3615?
15
Calculate the highest common divisor of 1024 and 48.
16
What is the greatest common factor of 56 and 98?
14
What is the greatest common divisor of 3830 and 40?
10
Calculate the greatest common divisor of 22 and 1661.
11
Calculate the highest common factor of 84 and 48468.
84
Calculate the highest common divisor of 240 and 32.
16
Calculate the highest common factor of 61 and 2.
1
Calculate the greatest common factor of 530 and 10.
10
Calculate the greatest common factor of 814 and 22.
22
What is the greatest common divisor of 5757 and 1515?
303
What is the highest common divisor of 1 and 125?
1
Calculate the greatest common divisor of 7254 and 39.
39
What is the greatest common factor of 9 and 936?
9
What is the greatest common divisor of 22 and 341?
11
What is the greatest common divisor of 74 and 111?
37
What is the greatest common divisor of 1727 and 157?
157
What is the highest common divisor of 54 and 207?
9
What is the greatest common divisor of 75 and 30?
15
Calculate the greatest common factor of 166 and 4482.
166
What is the highest common factor of 4842 and 12?
6
What is the highest common factor of 1 and 773?
1
Calculate the greatest common divisor of 451 and 264.
11
What is the greatest common factor of 8 and 284?
4
What is the highest common factor of 64 and 36416?
64
What is the highest common divisor of 3350 and 1550?
50
Calculate the highest common factor of 932 and 4.
4
Calculate the highest common divisor of